t u be 24/(-324) + (4254/1296 - 3). Let z(d) be the third derivative of 23*d**2 + 0 - u*d**4 + 0*d + 5/6*d**3. Calculate z(6).
-25
Suppose -r + 6 - 2 = -2*g, 20 = 5*r + 2*g. Let y(i) = 1 + 11 - 2*i + r*i - 3*i. Give y(11).
1
Let c(q) = -q**2 - 133*q + 1100. Let f be c(8). Let p(n) = n**3 + 27*n**2 - 30*n - 45. Determine p(f).
11
Let m(d) = -4*d + 2. Let q be m(3). Let n(o) be the third derivative of -1/24*o**4 + 0*o - o**3 + 7*o**2 + 0. Give n(q).
4
Let j(p) = 370*p - 3850. Let n(f) = 148*f - 1573. Let g(z) = 5*j(z) - 12*n(z). Determine g(5).
-4
Let q(i) = -5*i + i**2 + 8 + 12*i + 0*i - 3. Let p be q(-3). Let b(t) be the second derivative of t**4/12 + 5*t**3/6 - 5*t**2/2 + 31*t. Determine b(p).
9
Let c(b) be the third derivative of -b**5/20 - b**4/8 + 5*b**3/6 + 2*b**2 + 7*b - 114. Determine c(-4).
-31
Suppose -4*v - 9 = -f, -3*f + 4*v - 93 = -112. Let a(h) = h**2 - 13*h + 28. Give a(f).
-12
Let k(p) be the first derivative of -p**3/3 + p**2/2 + p - 8. Suppose 5*w - b = 35 - 13, 4*b + 8 = 0. Give k(w).
-11
Let n(j) = -83*j - 1. Let z = -17952 - -17954. Give n(z).
-167
Let z(f) be the third derivative of -f**5/30 + f**4/4 + 5*f**3/6 - 159*f**2 + 2. What is z(5)?
-15
Let b(j) be the first derivative of -j**2 + 4*j - 4773. Calculate b(0).
4
Let z(j) = -5*j - 7. Suppose -19*n - 3*y = -20*n - 2, -4*n = -3*y - 19. Give z(n).
-42
Let t = -12 - -15. Suppose -3*g = -5*p - 47, 4*p - 11 = -t*g - 0*g. Let c(k) = 9*k + 6*k - 25*k + g*k. Give c(-2).
2
Suppose -1093*v - 57 = -1150*v. Let c(a) = -91*a**2 - a + 1. Give c(v).
-91
Let g(o) be the third derivative of o**4/24 + 4*o**3 + 573*o**2. Give g(-36).
-12
Let c(s) = -3*s - 6. Suppose 0 = -43*k - 1 - 42. Let g(n) = -n - 2. Let p(a) = k*c(a) + 2*g(a). Let m be ((-4)/6)/(-1)*3. Calculate p(m).
4
Let d(g) be the third derivative of 59*g**5/60 - 2320*g**2. What is d(-1)?
59
Let u(x) = 11 - 27 - x**3 + 4 + 6 + 10 + 6*x**2 + 2*x. Determine u(7).
-31
Let p(a) be the second derivative of -3*a - 1 - 1/2*a**4 + 0*a**3 - 1/2*a**2. Let h = 1 - 0. Determine p(h).
-7
Let l(w) = 15 + 10 + 56 - 33 + w. Give l(-28).
20
Let l(m) = -8*m**3 - 2*m + 1. Suppose -20 = -7*c + 2*c. Let n be 8*(-3)/(-10) + c/(-10). Suppose -n*t + 6 = 4. Give l(t).
-9
Let j(h) = -h**2 - 10*h - 3. Suppose 66*m = -11 - 715. What is j(m)?
-14
Let m(q) = 7*q**2 - 12*q**2 - q**3 + 10*q**2 + q. Let r be ((-10)/6)/(160/(-480)). What is m(r)?
5
Let j(u) = 42*u - 1. Suppose 0 = 18*v - 27*v + 9. Suppose -h = -4*i, 4*h + 17 = v. What is j(i)?
-43
Let f(r) be the second derivative of -r**5/20 + r**4/4 + r**3/3 + r**2/2 - 5*r. Suppose 2*g - 22 = 2*s + 3*g, -3*s = -2*g + 47. Let o = 17 + s. Determine f(o).
-7
Let i(w) = -w**2 - 3*w - 4. Suppose -4*x - 23 = 233. Let s = 77 + x. Let p = -16 + s. Give i(p).
-4
Let u(s) = s**2. Let l = 10 - -174. Suppose l = 2*g - 6*g. Let r be 4/(-14) - g/14. Give u(r).
9
Let l(h) = -7*h**2 + 15*h + 7. Let z = 99 - 59. Suppose -z = 6*t - t. Let u(q) = 11*q**2 - 23*q - 11. Let k(r) = t*l(r) - 5*u(r). Calculate k(3).
-7
Let h(t) = 29*t + 450. Let g(n) = -10*n - 162. Let u(k) = 17*g(k) + 6*h(k). What is u(15)?
6
Let a = 250 + -255. Let g(f) = 7*f**2 + f + 1. Let q(i) = 6*i**2 + 1. Let p(y) = a*g(y) + 6*q(y). Give p(6).
7
Let v(d) be the first derivative of -41*d**2/2 + 325*d - 3325. What is v(8)?
-3
Let i(v) = -39*v + 8*v - 4*v**2 + 33*v + 3*v. Calculate i(3).
-21
Let w = -8184 + 8190. Let o(x) = x**3 - 4*x**2 - 14*x + 39. Determine o(w).
27
Suppose 0 = -i, i - 4 = -o - 1. Suppose -o = 2*u - 5*d, -3*d - 9 = -3*u - 0. Let j(b) = -b**3 + 5*b**2 + 8*b - 3. Determine j(u).
9
Let x(d) = -d**2 + 16*d - 15. Let n(b) = -4*b - 24. Let h be n(-8). Determine x(h).
49
Let d be 7*-24*7/(-588). Let j(i) = 12*i**2 + 4*i - 8. Determine j(d).
48
Let z = -6248 - -6257. Let n(c) = -2*c**2 + 16*c + 26. Calculate n(z).
8
Let o = -70 + 78. Suppose 0 = -4*q + o + 4. Let s(m) = -4*m - 2. Calculate s(q).
-14
Let w(g) be the second derivative of -g**4/12 - g**3/2 - g**2/2 - 7*g + 108. Determine w(-9).
-55
Let d(r) = r + 17. Let n(z) = 6*z - 21. Let t be n(4). Suppose 0 + t = -b + 2*l, 5*l = -15. Let a be d(b). Let p(h) = -h**3 + 9*h**2 - 7*h - 1. Calculate p(a).
7
Let q(b) = -2*b**3 - 6*b**2 - 22*b - 20. Let g(s) = -s**2 - 4*s - 1. Let z(l) = 5*g(l) - q(l). Calculate z(0).
15
Let j(q) be the third derivative of -q**5/60 - 5*q**4/8 - 15*q**3/2 - 8731*q**2. Calculate j(-9).
9
Let f(o) = -83*o**2 - o + 3. Let l(h) = -14*h**2 - h + 4. Let s(t) = f(t) - 6*l(t). What is s(4)?
15
Let r = -121 + 123. Let t(x) = -2*x**2 + x - 5. Calculate t(r).
-11
Suppose -4*h + 19*h = -11*h - 0*h. Let z(u) be the second derivative of h + 6*u + 1/2*u**3 - 1/2*u**2. Calculate z(-3).
-10
Let b(n) = 2 - 484*n + 942*n - 466*n. Suppose 4*l + i = -7, 4*l = 2*l + 5*i + 13. What is b(l)?
10
Suppose 45 = 5*g - 3*g - 5*c, -35 = -3*g + c. Suppose h + 7*f - 17 = g*f, -5*f + 1 = 2*h. Let q(p) = -p + 14. Determine q(h).
6
Let i(o) = -o**3 - 5*o**2 - o - 1. Let l(a) = -a**3 + 12*a**2 - 7*a - 10. Let n be l(7). Let d = -191 + n. Determine i(d).
4
Suppose -17*x + 34 + 0 + 119 = 0. Let z(h) be the first derivative of -h**4/4 + 10*h**3/3 - 5*h**2 + 11*h - 21. Give z(x).
2
Suppose 4*m + 24 = -4*d, 4*d = 1 + 3. Let q(t) = t**3 + 4*t**2 + t + 5. Let j be q(-4). Let v(h) = -7 - 3*h + j + 2*h. Determine v(m).
1
Let p(y) = -y**3 - 12*y**2 - 8*y - 12. Let m be (-2 - 57/(-12))*(1 + -5). Give p(m).
-45
Suppose s + j = -3, -21 = 5*s - 3*j + 10. Let b(d) = 21*d**2 - 24*d + 242. Let n(h) = -13*h**2 + 13*h - 146. Let k(w) = -3*b(w) - 5*n(w). Determine k(s).
19
Let v(r) = 0 + 3 - 53*r**2 - r + 54*r**2 - 2. Let t be (-8)/24 + (-106)/6. Let q = -18 - t. Calculate v(q).
1
Let a be 2/(-2) + (-40)/(-5). Let g(x) = x - 2 - x - a*x**2 - x**3 + 2*x - x. Let u = -4138 + 4131. Determine g(u).
-9
Let y(v) be the second derivative of -v**4/12 - 7*v**3/6 - v**2/2 + v. Let i = -230 + 233. Suppose -i*j - 5*c = -8*j - 35, -3*j - 19 = -c. Give y(j).
5
Let q(r) = -2*r**2 + 16*r + 28. Let j be q(8). Suppose 0 = j*i - 150 - 18. Let z(p) = p**2 - 6*p - 2. Calculate z(i).
-2
Let x = -4159 + 4172. Let l(j) = j**3 - 12*j**2 - 13*j - 23. Calculate l(x).
-23
Let f be (-4)/6*((-22)/1 + -2). Suppose f = 2*r + 2*r, 2*p = r. Let s(a) = 4*a - a**p + 5*a**2 + 1 + 0*a - 5*a**2. Calculate s(6).
-11
Let g(v) = -6*v. Let i be g(-5). Suppose -5*w = -5*q + 155, 21 = 37*q - 36*q + 4*w. Let b(y) = 12 - 58*y + q*y + i*y. Determine b(-6).
6
Let g(b) = 33*b + 74. Let i be g(11). Let j = 431 - i. Let x(w) = -2*w - 9. Calculate x(j).
3
Let v(u) = 4*u + 0 - 3*u + 2*u**2 - 4. Suppose 3*x - 4*q = -26, 1992*q - 1994*q = -x - 12. Give v(x).
2
Suppose -2*i - 22 + 48 = 5*z, -5*z = -5*i - 5. Let s(a) = 2*a**3 - 2*a**2 + 3*a - 1. Calculate s(i).
44
Suppose 0 = k - 4*k - 6. Let z(d) be the first derivative of d**4/4 + d**3/3 - d**2 - 3*d + 87. Calculate z(k).
-3
Suppose 1 + 1 = l. Suppose 0 = l*w + 2, 3*d + 4*w - 16 = -d. Suppose y + 2 = -y + 2*o, -d*y + 2*o = 11. Let b(a) = -a**2 - 5*a - 2. Calculate b(y).
4
Let w(q) = -13*q**2 - 1 + 10 - q**3 - 3*q - 8*q. Suppose 1835 + 289 = -177*i. Give w(i).
-3
Suppose -3*z + 3 + 0 = 0. Let y(k) be the third derivative of k**5/15 - k**4/24 + k**3/3 + 600*k**2. Give y(z).
5
Let n(d) = -148 + 438 - 147 - 157 - 6*d - d**2. Let l(x) = -2*x**2 + 38*x - 74. Let k be l(17). Determine n(k).
-14
Let p = -12 + 103. Let n = -87 + p. Let t(r) = -r**2 + 3*r - 3. Calculate t(n).
-7
Let n(t) be the second derivative of 51/2*t**2 + 1/12*t**4 + 7*t + 0 - 29/6*t**3. Let l be n(27). Let a(p) = -p**2 - 5*p - 4. Determine a(l).
2
Let b be (-1)/(-2)*(-3 - -3). Let p(k) = 35*k - 278 - 35*k - k + 287. What is p(b)?
9
Let u(r) be the third derivative of -r**6/360 + r**5/40 + r**4/8 + 17*r**3 - 169*r**2. Let x(i) be the first derivative of u(i). Calculate x(3).
3
Let v(c) = -67*c**2 + 4*c + 7. Let o(b) = -908*b**2 + 53*b + 91. Let m(q) = 2*o(q) - 27*v(q). Determine m(3).
-76
Let u(n) = -n**3 - 3*n**2 + 3*n + 4. Let h = -24 + 35. Let j(v) = 13*v - h*v + 12 + 4. Let r be j(-10). Calculate u(r).
8
Let v be ((0 - 3/6*-14) + -8)*-2. Let f(g) = -4*g + 13. Determine f(v).
5
Let g(w) be the third derivative of w**4/24 - w**3/2 - w**2. Let x be (2 - 2) + 2 - (0 + -3). Let v be (-3)/(-6)*-10 + x. Calculate g(v).
-3
Let v be 2/(-7)*63/(-9). Let a = 28 + -22. Let q(j